{"id":539,"date":"2025-08-28T08:52:30","date_gmt":"2025-08-28T06:52:30","guid":{"rendered":"https:\/\/balberg.shop\/?post_type=product&#038;p=539"},"modified":"2026-03-22T09:30:35","modified_gmt":"2026-03-22T08:30:35","slug":"rehkitz-aus-filz","status":"publish","type":"product","link":"https:\/\/balberg.shop\/de\/produit\/faon-en-feutrine\/","title":{"rendered":"Rehkitz aus Filz"},"content":{"rendered":"<p>Der Stoff aus reiner Merinowolle ist in einem intensiven Braun gef\u00e4rbt, das nach \u00d6ko Tex 100 zertifiziert ist.<br \/>\nDie charakteristischen wei\u00dfen Tupfen auf dem Kleid des Rehkitzes werden durch Hinzuf\u00fcgen von kardierter Wolle mit der Nadel gefilzt.<\/p>\n<h4>Abmessungen<\/h4>\n<p>Das Rehkitz aus Wollfilz misst:<br \/>\nL\u00e4nge: vom Kopf bis zum Schwanz 10,5 cm. H\u00f6he: von den Ohren bis zum Huf 12 cm. Dicke \u2248 3 cm.<\/p>","protected":false},"excerpt":{"rendered":"<p>L\u2019\u00e9toffe en pure laine m\u00e9rinos est teinte d\u2019une couleur marron intense certifi\u00e9e Oeko Tex 100. Les petits pois blancs caract\u00e9ristiques de la robe du faon sont feutr\u00e9s par ajout de laine card\u00e9e \u00e0 l\u2019aiguille. Dimensions Le faon en feutrine de laine mesure: Longueur: de la t\u00eate \u00e0 la queue 10,5 cm. Hauteur: des oreilles au&#8230;<\/p>","protected":false},"featured_media":920,"template":"","meta":{"_kad_blocks_custom_css":"","_kad_blocks_head_custom_js":"","_kad_blocks_body_custom_js":"","_kad_blocks_footer_custom_js":"","_kad_post_transparent":"default","_kad_post_title":"","_kad_post_layout":"default","_kad_post_sidebar_id":"","_kad_post_content_style":"default","_kad_post_vertical_padding":"default","_kad_post_feature":"","_kad_post_feature_position":"","_kad_post_header":false,"_kad_post_footer":false,"_kad_post_classname":"","footnotes":""},"product_cat":[36,21,39],"product_tag":[],"class_list":{"0":"post-539","1":"product","2":"type-product","3":"status-publish","4":"has-post-thumbnail","6":"product_cat-automne","7":"product_cat-figurines-jouets-en-feutrine","8":"product_cat-hiver","9":"post","11":"first","12":"onbackorder","13":"shipping-taxable","14":"purchasable","15":"product-type-simple","16":"entry","17":"content-bg","18":"loop-entry"},"taxonomy_info":{"product_cat":[{"value":36,"label":"Automne"},{"value":21,"label":"Figurines &amp; Jouets en feutrine"},{"value":39,"label":"Hiver"}]},"featured_image_src_large":["https:\/\/balberg.shop\/wp-content\/uploads\/sites\/3\/2025\/08\/IMG_6500-Grande-1024x682.jpeg",1024,682,true],"author_info":[],"comment_info":"","_links":{"self":[{"href":"https:\/\/balberg.shop\/de\/wp-json\/wp\/v2\/product\/539","targetHints":{"allow":["GET"]}}],"collection":[{"href":"https:\/\/balberg.shop\/de\/wp-json\/wp\/v2\/product"}],"about":[{"href":"https:\/\/balberg.shop\/de\/wp-json\/wp\/v2\/types\/product"}],"version-history":[{"count":0,"href":"https:\/\/balberg.shop\/de\/wp-json\/wp\/v2\/product\/539\/revisions"}],"wp:featuredmedia":[{"embeddable":true,"href":"https:\/\/balberg.shop\/de\/wp-json\/wp\/v2\/media\/920"}],"wp:attachment":[{"href":"https:\/\/balberg.shop\/de\/wp-json\/wp\/v2\/media?parent=539"}],"wp:term":[{"taxonomy":"product_cat","embeddable":true,"href":"https:\/\/balberg.shop\/de\/wp-json\/wp\/v2\/product_cat?post=539"},{"taxonomy":"product_tag","embeddable":true,"href":"https:\/\/balberg.shop\/de\/wp-json\/wp\/v2\/product_tag?post=539"}],"curies":[{"name":"wp","href":"https:\/\/api.w.org\/{rel}","templated":true}]}}

<p>Der Stoff aus reiner Merinowolle ist in einem intensiven Braun gefärbt, das nach Öko Tex 100 zertifiziert ist.<br />
Die charakteristischen weißen Tupfen auf dem Kleid des Rehkitzes werden durch Hinzufügen von kardierter Wolle mit der Nadel gefilzt.</p>
<h4>Abmessungen</h4>
<p>Das Rehkitz aus Wollfilz misst:<br />
Länge: vom Kopf bis zum Schwanz 10,5 cm. Höhe: von den Ohren bis zum Huf 12 cm. Dicke ≈ 3 cm.</p>

<p>L’étoffe en pure laine mérinos est teinte d’une couleur marron intense certifiée Oeko Tex 100. Les petits pois blancs caractéristiques de la robe du faon sont feutrés par ajout de laine cardée à l’aiguille. Dimensions Le faon en feutrine de laine mesure: Longueur: de la tête à la queue 10,5 cm. Hauteur: des oreilles au&#8230;</p>
