{"id":537,"date":"2025-08-28T08:50:40","date_gmt":"2025-08-28T06:50:40","guid":{"rendered":"https:\/\/balberg.shop\/?post_type=product&#038;p=537"},"modified":"2026-03-22T09:30:46","modified_gmt":"2026-03-22T08:30:46","slug":"hirsch-aus-filz","status":"publish","type":"product","link":"https:\/\/balberg.shop\/de\/produit\/cerf-en-feutrine\/","title":{"rendered":"Hirsch aus Filz"},"content":{"rendered":"<p>Als Symbol f\u00fcr den Schutzgeist der Natur f\u00fchle ich mich geehrt, dass dieser kleine Hirsch aus gefilzter Wolle in Ihrem Haus leben wird...<br \/>\nEs weht eine frische Luft aus Flechten und Moosen, aus Pilzen, die lautlos unter den Bl\u00e4ttern wachsen, und vielleicht h\u00f6ren Sie an einem der n\u00e4chsten Abende sein geheimnisvolles Br\u00fcllen.<\/p>\n<p>Der Stoff aus reiner Merinowolle ist mit einer intensiven, tiefen Farbe gef\u00e4rbt, die nach \u00d6ko-Tex Standard 100 zertifiziert ist. <span style=\"font-family: var(--global-body-font-family)\">Der Wollfilz und die N\u00e4hte sind fest. Handgefertigt aus hochwertigem, festem Wollfilz. Leichte Abweichungen machen jedes St\u00fcck zu einem Unikat.<\/span><\/p>\n<h4>Abmessungen<\/h4>\n<p>L\u00e4nge: vom Kopf bis zum Schwanz 13 cm. H\u00f6he: vom Geweih bis zum Huf 20 cm. Dicke \u2248 3,5 cm.<\/p>","protected":false},"excerpt":{"rendered":"<p>Symbolisant l\u2019esprit protecteur de la nature, je suis honor\u00e9e de voir ce petit cerf en laine feutr\u00e9e aller vivre dans votre maison&#8230; Il souffle un air frais de lichens et de mousses, de champignons qui poussent en silence sous les feuilles, et vous entendrez peut-\u00eatre un de ces soirs prochains, son brame myst\u00e9rieux. L\u2019\u00e9toffe en&#8230;<\/p>","protected":false},"featured_media":961,"template":"","meta":{"_kad_blocks_custom_css":"","_kad_blocks_head_custom_js":"","_kad_blocks_body_custom_js":"","_kad_blocks_footer_custom_js":"","_kad_post_transparent":"default","_kad_post_title":"","_kad_post_layout":"default","_kad_post_sidebar_id":"","_kad_post_content_style":"default","_kad_post_vertical_padding":"default","_kad_post_feature":"","_kad_post_feature_position":"","_kad_post_header":false,"_kad_post_footer":false,"_kad_post_classname":"","footnotes":""},"product_cat":[36,21,39],"product_tag":[],"class_list":{"0":"post-537","1":"product","2":"type-product","3":"status-publish","4":"has-post-thumbnail","6":"product_cat-automne","7":"product_cat-figurines-jouets-en-feutrine","8":"product_cat-hiver","9":"post","11":"first","12":"onbackorder","13":"shipping-taxable","14":"purchasable","15":"product-type-simple","16":"entry","17":"content-bg","18":"loop-entry"},"taxonomy_info":{"product_cat":[{"value":36,"label":"Automne"},{"value":21,"label":"Figurines &amp; Jouets en feutrine"},{"value":39,"label":"Hiver"}]},"featured_image_src_large":["https:\/\/balberg.shop\/wp-content\/uploads\/sites\/3\/2025\/08\/IMG_6689-Grande-682x1024.jpeg",682,1024,true],"author_info":[],"comment_info":"","_links":{"self":[{"href":"https:\/\/balberg.shop\/de\/wp-json\/wp\/v2\/product\/537","targetHints":{"allow":["GET"]}}],"collection":[{"href":"https:\/\/balberg.shop\/de\/wp-json\/wp\/v2\/product"}],"about":[{"href":"https:\/\/balberg.shop\/de\/wp-json\/wp\/v2\/types\/product"}],"version-history":[{"count":0,"href":"https:\/\/balberg.shop\/de\/wp-json\/wp\/v2\/product\/537\/revisions"}],"wp:featuredmedia":[{"embeddable":true,"href":"https:\/\/balberg.shop\/de\/wp-json\/wp\/v2\/media\/961"}],"wp:attachment":[{"href":"https:\/\/balberg.shop\/de\/wp-json\/wp\/v2\/media?parent=537"}],"wp:term":[{"taxonomy":"product_cat","embeddable":true,"href":"https:\/\/balberg.shop\/de\/wp-json\/wp\/v2\/product_cat?post=537"},{"taxonomy":"product_tag","embeddable":true,"href":"https:\/\/balberg.shop\/de\/wp-json\/wp\/v2\/product_tag?post=537"}],"curies":[{"name":"wp","href":"https:\/\/api.w.org\/{rel}","templated":true}]}}

<p>Als Symbol für den Schutzgeist der Natur fühle ich mich geehrt, dass dieser kleine Hirsch aus gefilzter Wolle in Ihrem Haus leben wird...<br />
Es weht eine frische Luft aus Flechten und Moosen, aus Pilzen, die lautlos unter den Blättern wachsen, und vielleicht hören Sie an einem der nächsten Abende sein geheimnisvolles Brüllen.</p>
<p>Der Stoff aus reiner Merinowolle ist mit einer intensiven, tiefen Farbe gefärbt, die nach Öko-Tex Standard 100 zertifiziert ist. <span style="font-family: var(--global-body-font-family)">Der Wollfilz und die Nähte sind fest. Handgefertigt aus hochwertigem, festem Wollfilz. Leichte Abweichungen machen jedes Stück zu einem Unikat.</span></p>
<h4>Abmessungen</h4>
<p>Länge: vom Kopf bis zum Schwanz 13 cm. Höhe: vom Geweih bis zum Huf 20 cm. Dicke ≈ 3,5 cm.</p>

<p>Symbolisant l’esprit protecteur de la nature, je suis honorée de voir ce petit cerf en laine feutrée aller vivre dans votre maison&#8230; Il souffle un air frais de lichens et de mousses, de champignons qui poussent en silence sous les feuilles, et vous entendrez peut-être un de ces soirs prochains, son brame mystérieux. L’étoffe en&#8230;</p>
